ommon factor of 884 and 17.
17
Calculate the highest common divisor of 13 and 13.
13
What is the greatest common factor of 355 and 5?
5
Calculate the greatest common divisor of 414 and 36.
18
What is the highest common divisor of 2941 and 17?
17
What is the greatest common factor of 30 and 530?
10
What is the greatest common factor of 66 and 5973?
33
What is the greatest common factor of 2394 and 76?
38
What is the highest common factor of 79 and 2133?
79
What is the highest common divisor of 1404 and 260?
52
What is the greatest common divisor of 5688 and 216?
72
Calculate the greatest common factor of 96 and 18.
6
What is the greatest common divisor of 39 and 5811?
39
Calculate the highest common factor of 117 and 18.
9
What is the greatest common divisor of 108 and 81?
27
What is the highest common factor of 14 and 3682?
14
Calculate the greatest common factor of 192 and 864.
96
What is the highest common factor of 3 and 65?
1
Calculate the highest common factor of 16250 and 25.
25
What is the highest common factor of 9 and 1341?
9
What is the highest common factor of 8300 and 83?
83
What is the highest common divisor of 9515 and 55?
55
What is the greatest common divisor of 721 and 28?
7
Calculate the greatest common divisor of 1296 and 2016.
144
Calculate the highest common factor of 27 and 8397.
27
What is the greatest common divisor of 19888 and 113?
113
Calculate the highest common factor of 6640 and 60.
20
What is the greatest common divisor of 60 and 980?
20
What is the highest common factor of 4590 and 351?
27
What is the highest common factor of 70 and 364?
14
What is the highest common factor of 49470 and 291?
291
What is the highest common factor of 64 and 2624?
64
What is the greatest common divisor of 200 and 384?
8
Calculate the greatest common divisor of 85 and 1445.
85
What is the greatest common factor of 384 and 624?
48
Calculate the greatest common factor of 220 and 165.
55
What is the greatest common factor of 987 and 14?
7
Calculate the greatest common divisor of 816 and 102.
102
Calculate the highest common divisor of 180 and 324.
36
Calculate the greatest common divisor of 135 and 378.
27
What is the greatest common divisor of 434 and 124?
62
What is the greatest common divisor of 15 and 960?
15
What is the greatest common factor of 8 and 40?
8
What is the greatest common factor of 244 and 2074?
122
What is the highest common factor of 1988 and 140?
28
What is the highest common factor of 567 and 7?
7
Calculate the greatest common factor of 4 and 9.
1
Calculate the greatest common divisor of 95 and 57.
19
Calculate the greatest common factor of 625 and 475.
25
Calculate the greatest common factor of 248 and 24.
8
What is the greatest common divisor of 581 and 77?
7
What is the greatest common factor of 1 and 1455?
1
Calculate the greatest common factor of 98 and 392.
98
What is the highest common factor of 18 and 558?
18
Calculate the greatest common factor of 49 and 56.
7
What is the greatest common factor of 1169 and 7?
7
Calculate the highest common divisor of 147 and 336.
21
Calculate the highest common factor of 3192 and 1176.
168
Calculate the highest common divisor of 362 and 5611.
181
Calculate the highest common divisor of 3090 and 30.
30
Calculate the highest common factor of 64 and 1056.
32
Calculate the greatest common factor of 90 and 54.
18
Calculate the greatest common factor of 230 and 30.
10
What is the greatest common divisor of 153 and 17?
17
What is the highest common divisor of 82 and 2993?
41
What is the greatest common divisor of 610 and 2623?
61
Calculate the highest common divisor of 874 and 38.
38
What is the highest common divisor of 39 and 3185?
13
Calculate the highest common factor of 107946 and 27.
27
What is the greatest common divisor of 180 and 1125?
45
Calculate the highest common divisor of 1802 and 68.
34
What is the greatest common factor of 928 and 24?
8
Calculate the greatest common factor of 100 and 5120.
20
What is the greatest common factor of 250 and 5125?
125
Calculate the greatest common factor of 2 and 58.
2
Calculate the greatest common factor of 273 and 63.
21
What is the highest common factor of 15 and 665?
5
Calculate the greatest common factor of 4 and 11.
1
What is the greatest common divisor of 30 and 86880?
30
Calculate the greatest common factor of 5 and 320.
5
What is the highest common factor of 5112 and 216?
72
Calculate the greatest common factor of 1131 and 39.
39
Calculate the greatest common divisor of 32 and 736.
32
Calculate the highest common factor of 77 and 649.
11
What is the greatest common factor of 484 and 11?
11
What is the greatest common divisor of 229 and 14656?
229
What is the greatest common factor of 3959 and 74?
37
Calculate the highest common divisor of 817 and 43.
43
Calculate the greatest common divisor of 742 and 954.
106
Calculate the highest common divisor of 27736 and 40.
8
What is the greatest common divisor of 84 and 1456?
28
What is the greatest common factor of 1188 and 88?
44
Calculate the greatest common factor of 8 and 1672.
8
Calculate the greatest common factor of 1442 and 56.
14
Calculate the highest common factor of 45 and 417.
3
Calculate the greatest common factor of 156 and 21606.
78
What is the highest common divisor of 20 and 3?
1
Calculate the greatest common factor of 11 and 4961.
11
What is the greatest common factor of 1000 and 70?
10
Calculate the greatest common divisor of 132 and 297.
33
Calculate the greatest common factor of 25 and 27.
1
Calculate the highest common factor of 11665 and 10.
5
What is the highest common divisor of 5597 and 319?
29
What is the greatest common divisor of 9378 and 18?
18
Calculate the greatest common factor of 5 and 485.
5
Calculate the highest common factor of 76 and 5206.
38
Calculate the greatest common divisor of 52 and 65.
13
What is the greatest common divisor of 544 and 2832?
16
Calculate the highest common divisor of 22 and 6677.
11
What is the highest common factor of 5 and 7?
1
What is the greatest common factor of 67 and 6432?
67
Calculate the greatest common factor of 153 and 102.
51
What is the greatest common divisor of 260 and 80?
20
What is the highest common factor of 2486 and 22?
22
What is the greatest common factor of 330 and 3597?
33
Calculate the highest common divisor of 55 and 155.
5
What is the greatest common divisor of 14 and 44?
2
What is the greatest common factor of 9 and 23?
1
Calculate the greatest common divisor of 623 and 1424.
89
What is the greatest common divisor of 13552 and 44?
44
What is the highest common divisor of 450 and 4350?
150
Calculate the greatest common factor of 41 and 861.
41
What is the highest common divisor of 57 and 456?
57
What is the greatest common divisor of 23 and 4807?
23
What is the highest common divisor of 73 and 1387?
73
What is the greatest common factor of 8 and 512?
8
Calculate the greatest common divisor of 73 and 8.
1
What is the greatest common divisor of 289 and 68?
17
Calculate the greatest common divisor of 170 and 11424.
34
Calculate the greatest common divisor of 12370 and 20.
10
Calculate the highest common divisor of 270 and 290.
10
What is the highest common divisor of 1024 and 24?
8
Calculate the greatest common factor of 128 and 14976.
128
Calculate the greatest common factor of 456 and 1482.
114
Calculate the greatest common divisor of 7 and 1967.
7
Calculate the highest common factor of 8 and 120.
8
Calculate the greatest common divisor of 2 and 653.
1
What is the highest common factor of 585 and 1300?
65
Calculate the greatest common factor of 6467 and 87.
29
What is the greatest common divisor of 4 and 10?
2
Calculate the highest common divisor of 27 and 3771.
9
Calculate the greatest common factor of 460 and 160.
20
Calculate the highest common factor of 1026 and 38.
38
Calculate the greatest common divisor of 19 and 1919.
19
What is the highest common factor of 133 and 589?
19
Calculate the greatest common factor of 19272 and 264.
264
What is the greatest common factor of 17 and 1853?
17
Calculate the greatest common factor of 31300 and 200.
100
Calculate the highest common factor of 2992 and 6256.
272
What is the greatest common factor of 5 and 560?
5
What is the highest common divisor 